rime?
False
Is 37971183331 a prime number?
True
Is 204237001 composite?
False
Is 138750937 a prime number?
False
Is 2586947497 prime?
False
Is 4368243289 prime?
True
Is 6165208337 a prime number?
False
Is 1234005261299 a composite number?
False
Is 2339376833 composite?
False
Is 169124284253 a composite number?
True
Is 53398455871 a composite number?
True
Is 2702695949 a composite number?
False
Is 15911827 a prime number?
True
Is 5977897309 prime?
False
Is 14410022041 a composite number?
False
Is 2390601443 a prime number?
True
Is 24745211651 a prime number?
True
Is 17694170393 a prime number?
False
Is 3145077863 prime?
False
Is 302139451 a composite number?
True
Is 43879459441 composite?
True
Is 2354597657 a composite number?
False
Is 28973121169 prime?
False
Is 48729581155 composite?
True
Is 4406016883 a composite number?
True
Is 3184136623 a composite number?
True
Is 685266727 composite?
True
Is 82951350109 prime?
True
Is 25939646273 a composite number?
True
Is 444782099 prime?
False
Is 680587679 a prime number?
False
Is 351360299 a prime number?
True
Is 2911492459 composite?
True
Is 2934747367 a prime number?
True
Is 343565473 a prime number?
True
Is 3861088769 a composite number?
True
Is 615809141 a composite number?
True
Is 943035281 a composite number?
True
Is 496705171 a composite number?
True
Is 11712046631 prime?
True
Is 2764707971 a prime number?
False
Is 20898350503 a composite number?
True
Is 13098181 a composite number?
True
Is 12476705359 a prime number?
True
Is 1732493731 composite?
False
Is 2630464489 composite?
False
Is 42079242521 prime?
False
Is 6436991303 composite?
False
Is 12643456363 prime?
True
Is 23877736811 prime?
True
Is 8945336731 a prime number?
True
Is 289573171 a prime number?
True
Is 1604728633 composite?
True
Is 3658571363 prime?
False
Is 130545377113 a composite number?
True
Is 605547049 prime?
False
Is 12122662961 composite?
False
Is 2682769051 a composite number?
False
Is 326852039 a composite number?
True
Is 14072320783 prime?
False
Is 15786084817 a prime number?
False
Is 2682886259 a composite number?
True
Is 52973677 composite?
True
Is 167428759 prime?
True
Is 466638863 composite?
True
Is 30673969 composite?
False
Is 12277465373 composite?
True
Is 106367671 prime?
True
Is 1503607939 a prime number?
True
Is 81900203831 composite?
False
Is 2115954017 a composite number?
False
Is 55303427 a prime number?
True
Is 1043987003 a composite number?
True
Is 137750273 a composite number?
True
Is 185063897 a prime number?
True
Is 454093781 a prime number?
True
Is 519125213 a prime number?
True
Is 38998499 composite?
False
Is 25428579193 prime?
False
Is 21859787893 composite?
True
Is 129255620653 a prime number?
True
Is 62388763 prime?
True
Is 60843260827 prime?
False
Is 17181926149 a prime number?
False
Is 1623341123 a prime number?
False
Is 1500446018 a composite number?
True
Is 3725659066 prime?
False
Is 15061023253 a prime number?
True
Is 4866556397 composite?
False
Is 2700272579 prime?
True
Is 3222257 prime?
False
Is 21419606191 a prime number?
True
Is 12263915341 composite?
True
Is 391411399 a composite number?
False
Is 595543591 a prime number?
False
Is 842217241 a composite number?
True
Is 690693791 composite?
False
Is 44933912123 composite?
True
Is 7217439193 a composite number?
False
Is 8504198005 composite?
True
Is 64562256841 prime?
True
Is 3581782793 composite?
False
Is 1756080973 a prime number?
False
Is 18620035001 a composite number?
True
Is 25070353733 prime?
True
Is 1478573947 prime?
False
Is 57873864229 a prime number?
True
Is 406751649 prime?
False
Is 13441652821 composite?
True
Is 447087183 prime?
False
Is 15629847173 a composite number?
False
Is 268305232115 a composite number?
True
Is 285699509 composite?
False
Is 1435556791 composite?
False
Is 163006859 prime?
False
Is 3308229277 a composite number?
False
Is 69211180417 a composite number?
False
Is 797918189 a prime number?
True
Is 3789747641 a prime number?
True
Is 6518052139 composite?
True
Is 323221721 composite?
True
Is 5980561351 prime?
False
Is 913868947 a composite number?
False
Is 310898461 a composite number?
True
Is 24636416509 a prime number?
False
Is 315233629 a composite number?
True
Is 85723188163 prime?
True
Is 560047381 a composite number?
True
Is 1735862941 composite?
True
Is 417109897 composite?
False
Is 27744943489 composite?
True
Is 529644433 a prime number?
False
Is 513255523 composite?
True
Is 1924977211 a prime number?
False
Is 1006939757 prime?
True
Is 79279973 prime?
True
Is 675120301 a composite number?
False
Is 1264645955 composite?
True
Is 11424209 composite?
False
Is 1353353923 composite?
False
Is 21888667447 composite?
True
Is 111502480687 prime?
False
Is 4681776205 a composite number?
True
Is 36674816411 a prime number?
False
Is 638118731 composite?
True
Is 20521032523 composite?
False
Is 17369406169 a prime number?
True
Is 457242223 composite?
True
Is 153841956533 prime?
False
Is 856474601 composite?
True
Is 12524212361 a composite number?
True
Is 282141493 a composite number?
True
Is 75556037 a prime number?
True
Is 364589063 a composite number?
True
Is 2211723793 prime?
True
Is 117937070789 composite?
False
Is 113286851 prime?
True
Is 10824757891 a prime number?
False
Is 31282402973 a composite number?
False
Is 3912304031 a prime number?
False
Is 26640611365 prime?
False
Is 4542839423 prime?
False
Is 1764317117 composite?
True
Is 9488286371 a prime number?
True
Is 846114583 a prime number?
True
Is 1670901451 a composite number?
True
Is 7412957441 prime?
False
Is 27178206817 a prime number?
True
Is 9419319601 prime?
True
Is 1153828031 composite?
False
Is 20878557043 prime?
True
Is 120069187 a prime number?
False
Is 254457838 a prime number?
False
Is 228411067 a prime number?
False
Is 3691824767 prime?
False
Is 2371477547 a composite number?
False
Is 934204373 a composite number?
False
Is 1049660203 a composite number?
True
Is 3654043961 prime?
True
Is 3910323091 composite?
True
Is 9731329007 a prime number?
True
Is 3390798043 a prime number?
True
Is 410315539 a prime number?
True
Is 2602956163 a composite number?
False
Is 4159027423 a composite number?
True
Is 1210241267 composite?
True
Is 933453949 a composite number?
False
Is 1060143793 a prime number?
False
Is 118106003 prime?
True
Is 73008497 prime?
True
Is 2603475299 a prime number?
False
Is 3595577981 prime?
False
Is 304798786373 a prime number?
True
Is 53046741299 prime?
False
Is 1157320393 a composite number?
True
Is 3708291251 a prime number?
False
Is 73049602213 prime?
False
Is 12167683685 a composite number?
True
Is 634227731 a composite number?
False
Is 6793103431 prime?
False
Is 14802058159 a prime number?
False
Is 471780137 a composite number?
False
Is 2477013797 a composite number?
True
Is 87972430241 a composite number?
False
Is 4019141066 composite?
True
Is 6126327113 composite?
False
Is 1802875127 a prime number?
True
Is 188747327 prime?
True
Is 11436750089 prime?
False
Is 769413943 composite?
True
Is 352892653 composite?
True
Is 55962793453 a composite number?
True
Is 271662967 composite?
False
Is 37310495591 a prime number?
True
Is 3324534541 a composite number?
True
Is 132621271 prime?
True
Is 3222408661 prime?
True
Is 5167015597 a prime number?
True
Is 9529958443 a composite number?
True
Is 58635791 prime?
False
Is 500590577 composite?
False
Is 799394819 a composite number?
False
Is 174965803127 a composite number?
False
Is 3018779177 composite?
False
Is 2858624051 prime?
True
Is 7041716981 composite?
True
Is 2895070679 composite?
True
Is 11603687 composite?
True
Is 424109897 composite?
True
Is 1039029869 a prime number?
False
Is 7875782659 composite?
True
Is 9092921837 a prime number?
True
Is 2010525113 a prime number?
True
Is 10517534543 a prime number?
False
Is 6363712091 composite?
True
Is 342448622 a composite number?
True
Is 3323194583 prime?
False
Is 7811423947 composite?
False
Is 12305686161 a prime number?
False
Is 33146103503 a composite number?
True
Is 104574269 a composite number?
False
Is 11442116317 prime?
False
Is 45278603 a prime number?
False
Is 182048338 prime?
False
Is 29026484143 composite?
True
Is 6930655141 composite?
True
Is 210659473 a composite number?
True
Is 6485813929 prime?
False
Is 3793793599 prime?
True
I